n divisor of 133 and m.
19
Suppose 74*f = 75*f - 22. Calculate the greatest common divisor of f and 121.
11
Let f be 29 + -4 - (2 + 1). Calculate the highest common factor of 22 and f.
22
Suppose -f + 155 = -245. What is the highest common factor of 40 and f?
40
Let b be (2/3)/((-2)/(-18)). Suppose -m = -7 - 5. Calculate the greatest common factor of b and m.
6
Let g = 147 + -62. Let c be -5*((-6)/(-15))/(-2). Let a be (c - -19) + 12/(-4). Calculate the highest common factor of a and g.
17
Suppose -z - 2*f = -f - 1, -4*f = -5*z + 23. What is the greatest common factor of z and 24?
3
Let z(b) = 29*b**2 - 2*b - 1. Let y be z(-1). Calculate the greatest common divisor of y and 60.
30
Suppose 0 = -3*z + 42 - 18. Let v(n) = -4*n - 3. Let m be v(z). Let q be (-4)/(-14) - 1390/m. What is the highest common factor of 8 and q?
8
Suppose 4*d + 32 = 2*b, b - 2*b - 4*d = -40. Suppose 0 = 3*z + b - 159. Suppose -2*r + 3*r = 15. What is the greatest common divisor of z and r?
15
Let x be (1 - -3)*(-1)/(-4). Let o be -2 + -2*(-1 + 2). Let v = o + 11. Calculate the greatest common divisor of v and x.
1
Let d = 313 + -148. Calculate the greatest common factor of d and 15.
15
Suppose m + 3*y = -3*m - 39, 0 = 2*m - 5*y - 13. Let n(g) = -g**3 - 2*g**2 + 9*g + 6. Let f be n(m). Calculate the greatest common factor of 12 and f.
12
Suppose 4*h - 4*a = 76, h = -2*a + 9 + 13. What is the greatest common divisor of h and 30?
10
Let s be 18/4*(-6)/(-3). Let m(w) = 2*w - 6. Let p be m(s). Calculate the greatest common factor of 48 and p.
12
Let g be (36/(-5))/((-6)/165). Let p(a) = 2*a**2. Let k = 9 + -6. Let y be p(k). What is the greatest common divisor of y and g?
18
Let f be (-135)/(-6) + (-2)/(-4). Suppose -u + 4*u - 5*x = 251, 2*x + 82 = u. Calculate the greatest common divisor of u and f.
23
Let r(z) = 3*z - 3. Let c be r(9). Suppose 0 = 2*p - g - c, -p = -2*p + 2*g + 15. Let k be 10/(-2 - p/(-5)). Calculate the highest common factor of k and 10.
10
Suppose -2*s + 6*s - 56 = 4*x, -5*s + 25 = 4*x. Let h = -65 - -101. Calculate the greatest common factor of h and s.
9
Suppose -3*h - 4*h + 98 = 0. Calculate the highest common divisor of 2 and h.
2
Suppose -2*v + 2 = 2*s, v + 5*s - 9 = -2*v. Let h = v + 4. Calculate the highest common factor of 6 and h.
2
Let d = 19 - 5. Calculate the highest common factor of d and 21.
7
Suppose -4*v - d = -451, -2*d = 2*d - 12. Calculate the greatest common divisor of 14 and v.
14
Suppose -4 - 2 = -t. What is the greatest common factor of t and 30?
6
Let m = -10 - -10. Let h be (m/(-3) - 1)*-5. Calculate the greatest common divisor of 15 and h.
5
Let k = -176 - -203. What is the highest common factor of 9 and k?
9
Let c = 5 + -4. Suppose 0 = b - 2 + c. What is the greatest common divisor of 2 and b?
1
Let c be 6/1 + (-1)/(-1). What is the greatest common divisor of 1 and c?
1
Suppose -2*t = 3*t + 25. Let p = t - -12. Let s be 5/2*(-28)/(-5). Calculate the highest common divisor of s and p.
7
Suppose 3*v = -5*t - 5, -4*v - 3*t + 6 = -2. Suppose -4*l = v*b - 97, 5*b + 65 = 5*l - 0*b. Calculate the highest common factor of l and 54.
18
Let q(t) = -15*t + 4. Let z = -31 - -21. Let v be q(z). Let x be 8/36 - 372/(-27). What is the highest common divisor of v and x?
14
Let l = 42 - 16. Calculate the greatest common factor of l and 78.
26
Let v = 10 - 6. Let a = v - 1. Let m be 2/10 + (-44)/(-5). Calculate the greatest common factor of a and m.
3
Let x be (0 - -1)/(2/4). Suppose 0 = 4*l - v + 18, -5*l + 0*v = -x*v + 24. Let p be l/(3 - 4) + 1. Calculate the greatest common divisor of 15 and p.
5
Let i be -16*(-1)/3*3. What is the greatest common factor of 4 and i?
4
Let i be 9/((-225)/(-3590)) + (-2)/(-5). Calculate the greatest common divisor of i and 9.
9
Let j(w) = 16*w - 2. Let x be j(2). Let t be (-8)/(-6)*x/4. Calculate the highest common factor of 20 and t.
10
Let h(j) = -j**2 - 3 + 9*j - 4 + 3. Let a be h(7). Calculate the highest common factor of 30 and a.
10
Suppose 40 = 4*s - 0*s. Suppose 5*v + 21 = 4*o, 2*v - 3*o + s = -o. Let q(t) = 5*t**2. Let c be q(v). Calculate the greatest common factor of c and 2.
1
Let p = 99 + -96. Calculate the highest common divisor of p and 9.
3
Let t = 423 + -269. Let d be 146/(-14) - (-9)/21. Let k be 4/d*(-140)/4. What is the highest common factor of t and k?
14
Let j be (-5 + -73)*6/(-4). Calculate the greatest common factor of 13 and j.
13
Let q = 69 - 68. Let z(a) = 2*a + 1. Let o be z(5). Calculate the greatest common factor of q and o.
1
Suppose -g + 4*s = -11, -5 - 5 = -2*g + 2*s. Let u(f) = f**2 - 7*f + 4. Let j be u(5). Let d = 9 + j. Calculate the highest common factor of d and g.
3
Let r = -1 - -1. Suppose -4*n + 0*n - 200 = r. Let y = -26 - n. Calculate the highest common factor of y and 264.
24
Let h(b) = b**2 - 6*b - 2. Let s be h(7). Suppose -6*x + x + 12 = 4*i, -5*i = s*x - 10. Suppose -n + 7 = -x. What is the highest common divisor of 11 and n?
11
Let c = 0 - -2. Suppose c*v = v + a + 14, -2*a = 2*v - 12. Suppose 3*u + 141 = d, -5*u + v*u + 279 = 2*d. What is the greatest common factor of 12 and d?
12
Let s = -38 - -56. What is the highest common divisor of 45 and s?
9
Suppose r = 4*r + 12. Let u be ((-20)/(-30))/(2/(-57)). Let a = r - u. What is the greatest common divisor of a and 15?
15
Let s = -13 + 14. Suppose 4 = 5*i - 4*i. Calculate the greatest common divisor of s and i.
1
Let p(b) = 11*b**3 + 4*b**2 - 9*b + 5. Let r be p(2). Calculate the highest common divisor of r and 13.
13
Suppose 0 = -3*p, p + 2*p = 3*v - 540. What is the greatest common divisor of 20 and v?
20
Suppose 5*y - 3*h = 88, -2*h - 2*h = -2*y + 38. Let u(o) = 3*o + 2. Let j be u(5). Calculate the greatest common factor of j and y.
17
Suppose 0 = -3*m + 4*y + 9 + 18, -3*m + 5*y = -30. What is the greatest common factor of 40 and m?
5
Let b be 0 + 2 + (-14)/14. What is the highest common factor of 1 and b?
1
Suppose -9*v = -18*v + 675. Calculate the highest common factor of 45 and v.
15
Let i = 30 - 15. What is the greatest common divisor of i and 15?
15
Let h(t) = t**3 + 6*t**2 + 6*t. Let r be h(-5). Let b = r - -19. Calculate the highest common factor of 35 and b.
7
Let l(d) be the first derivative of -45*d**2/2 - 2*d + 4. Let z be l(-2). Calculate the highest common factor of 8 and z.
8
Let a = 15 + -8. Let z = a - -114. Calculate the greatest common factor of 11 and z.
11
Let m(f) = 13*f - 5. Let v be m(2). Calculate the highest common factor of 14 and v.
7
Let k = -29 - -39. Suppose 2 = 2*l - 2. Suppose 3*g = l*i + 47, -48 - 25 = -5*g - 2*i. Calculate the greatest common divisor of k and g.
5
Suppose -776 = -9*k - 236. Suppose 5*t = 15, 2*o - 306 = -t - t. Calculate the greatest common factor of k and o.
30
Suppose 7*p + 202 = 727. Let l(q) = 29*q + 1. Let n be l(1). Calculate the highest common factor of p and n.
15
Suppose 0 = -5*d - 4 + 29. Let k = 9 + d. What is the greatest common divisor of 126 and k?
14
Let p = -4 - -9. Suppose 4*q + 1 = p. Suppose 3*a = 2*a + 5. What is the highest common divisor of a and q?
1
Let g = -23 - -38. Calculate the greatest common factor of g and 60.
15
Let m(c) = -c**3 + 6*c**2 + 3*c - 12. Suppose u - 6*u + 25 = 0. Let w be m(u). Calculate the highest common factor of w and 4.
4
Let s(l) = l**2 + 3*l. Let v be s(-4). Let u(y) = y + 1. Let f be u(v). Let i = 88 + -58. Calculate the greatest common factor of i and f.
5
Suppose 0 = 4*b + 4*p - 48, p - 24 = -b + 3*p. Calculate the highest common factor of b and 16.
16
Let x be 12/(-54) - -2*146/18. Calculate the greatest common factor of 2 and x.
2
Let i(j) = -j**3 - 6*j**2 + 4. Let h be i(-6). Suppose h*r + r = 80. What is the greatest common factor of r and 128?
16
Suppose -235 = -9*o + 116. Let s = -5 + 18. Calculate the greatest common divisor of s and o.
13
Suppose 0 = 3*f - 8 - 16. Suppose 4*m - f = -0*m. What is the greatest common factor of m and 6?
2
Let f = -39 + 45. Calculate the greatest common factor of 102 and f.
6
Suppose -3*z - 2*j + 10 = 0, 5*z + 2*j = 3*j + 21. Let c = 9 - z. Suppose -2*n + 13 = 4*u + 1, 5*u + 5*n - c = 0. What is the highest common factor of 5 and u?
5
Let b = 66 + -46. What is the greatest common divisor of b and 200?
20
Let s be -13*(2 - 6)/4. Calculate the greatest common divisor